- 3. Let u = -23 - -27. Calculate the remainder when (0 - g)/((-1)/11) is divided by u.
3
Suppose 3*y - 5 = 4*y. Let d = 22 + y. Calculate the remainder when 66 is divided by d.
15
Let h(v) = 2*v**3 - 4*v**2 + 4*v - 2. Let n be h(2). Let i = n + 4. What is the remainder when 2 - 2 - (-14 - 3) is divided by i?
7
Let j = -13 - -19. Suppose c + t = 19, -2*t + 3*t = -4*c + 88. What is the remainder when c is divided by j?
5
Let r(p) = -p**3 - 6*p**2 - p + 5. Let t be r(-4). Let i = 43 - t. What is the remainder when i is divided by 34?
32
Suppose 55 - 16 = d. Let z = d + -22. Calculate the remainder when 65 is divided by z.
14
What is the remainder when ((-78)/10)/((-4)/20) is divided by (-6)/(-4)*56/6?
11
Suppose -o + 0 - 111 = -4*s, -5*s + 147 = -4*o. What is the remainder when s is divided by 72/5 - (-6)/(-15)?
13
Let z = 2 - 8. What is the remainder when 14 is divided by 4*4/z*-3?
6
Suppose -2*u = 5*j - 21 - 8, -4*u + 3*j + 71 = 0. What is the remainder when 28 is divided by u?
11
Let i = 14 - 9. Suppose i*g - 76 - 49 = 0. What is the remainder when g is divided by 9?
7
Suppose 4*q = -3*p + 44, 3*q = 4*p + p - 112. Calculate the remainder when 137 is divided by p.
17
Let z(d) = -8*d**3 + d**2 - 3*d - 4. Let y be z(-3). Suppose -5*g = 4*w - y, -g = -1 + 3. Let r = w + -35. Calculate the remainder when r is divided by 13.
12
Let h = -13 - -26. What is the remainder when 50 is divided by h?
11
Let u(y) = -y + 0 + 7 + 0 - 2*y**2 + 3*y**2. What is the remainder when u(0) is divided by 5?
2
Suppose 4*w + 3*s - 17 = 72, -18 = -w - 5*s. Suppose -2*q + 289 = 3*l + 2*q, -348 = -4*l + 4*q. What is the remainder when l is divided by w?
22
Suppose -8*j + 440 + 80 = 0. What is the remainder when j is divided by 17?
14
Let r = 78 - 53. Calculate the remainder when 73 is divided by r.
23
Suppose -4*w + 10 = -10. Let o(i) = -i + 11. Calculate the remainder when w is divided by o(9).
1
Let c = -56 - -136. Calculate the remainder when c is divided by 21.
17
Suppose -20 = -5*s - 4*h, 0 = 4*s - h + 3 - 40. What is the remainder when 30 is divided by s?
6
Suppose 0 = -11*r - 0*r + 1452. What is the remainder when r is divided by 27?
24
Suppose 0 = -m + 4*m. Suppose m = -3*y + y. Suppose y = 5*l + 5*u - 95, 0*l = 4*l - 3*u - 76. Calculate the remainder when l is divided by 10.
9
What is the remainder when (-2)/(2/3) - 598/(-26) is divided by 14?
6
Let t = 3 - -87. What is the remainder when t is divided by 23?
21
Suppose 0*u - 2*u = 888. Let q be u/54 - 4/(-18). Calculate the remainder when q*(0 + (-3)/6) is divided by 3.
1
Suppose 8 = -g - 4*t, 5*g - 5*t = -0*g + 35. Suppose 3*c + 4*y + 19 - 5 = 0, -2*c - 4*y - 8 = 0. Let d = c - -8. Calculate the remainder when g is divided by d.
0
Suppose -h = -2*q - 0*h + 283, 2*h = q - 149. What is the remainder when q is divided by 35?
34
Let i = -28 - -39. Calculate the remainder when 32 is divided by i.
10
Let u = 6 - 13. Let q be 0/1 - (u - -5). Suppose -5*o = -4*o - q. What is the remainder when 2 is divided by o?
0
Suppose 0 = -3*v + v + 2*x + 26, v = -3*x + 9. Suppose -2*r + r + 33 = z, 3*r + 3 = 0. What is the remainder when z is divided by v?
10
Suppose -2*v - 62 = -v. Let l(k) = k**3 - 2*k**2 - 7*k + 5. What is the remainder when l(5) is divided by v/(-5) - 4/10?
9
Let n = 38 - 18. Let v = 34 - -4. What is the remainder when v is divided by n?
18
Let v = -109 - -133. Calculate the remainder when 35 is divided by v.
11
Let h be (-3)/(6/(-4)) + 8. Let d be 2/10 - (-38)/h. Suppose -d*a + 3*a = -3, 99 = 3*m + 5*a. Calculate the remainder when m is divided by 10.
8
Suppose j + 3*j = 88. What is the remainder when 62 is divided by j?
18
Suppose 0 = 2*j - 2*w - 320, 5*j - 3*w - w - 801 = 0. Calculate the remainder when j is divided by 41.
38
Let t(x) = -x**3 - 11*x**2 - 5*x + 1. Let o be -8 - (-3 - -1 - -5). Calculate the remainder when t(o) is divided by 15.
11
Let w(x) = 20*x + 65. Calculate the remainder when w(12) is divided by 34.
33
Suppose -2*g - 3 = -11. Suppose 64 = 5*p + g. Calculate the remainder when 34 is divided by p.
10
Suppose 2*b = 2*j + 10, 0*j + 4*j - 12 = 0. Let x be (-6)/(-27) + 34/9*1. Suppose b = -2*m, x*m + 21 = s - 24. Calculate the remainder when s is divided by 10.
9
Suppose 553 = 20*u - 107. Calculate the remainder when 64 is divided by u.
31
Let b(y) = -y**3 + 6*y**2 + 7*y - 9. Calculate the remainder when b(6) is divided by 18.
15
Let y = -40 + 47. Let o = 34 + -14. What is the remainder when o is divided by y?
6
Let l(j) = -j**3 - 6*j**2 - 2*j + 7. What is the remainder when 73 is divided by l(-6)?
16
Let t(o) = o + 4. Let h(c) = 2*c + 18. Let p be h(-7). Suppose 0*i + 12 = p*i. Calculate the remainder when t(6) is divided by i.
1
Let k(h) = -h**3 + 13*h**2 - h + 22. What is the remainder when 22 is divided by k(13)?
4
Let o = -15 + 24. What is the remainder when 31 is divided by o?
4
Let y be 3*((-10)/3)/(-2). Let k(z) = z**3 - 2*z**2 - 3*z - 6. Calculate the remainder when k(y) is divided by 14.
12
Let j(l) = -l + 8 + 2*l - l**2 + 4*l - 4*l. Let w = 1 - 1. What is the remainder when 23 is divided by j(w)?
7
Suppose -2 + 4 = m. Suppose -3*k - 2*q + 14 = 0, 4*q + 0 - 4 = -m*k. Calculate the remainder when 9 is divided by k.
3
Let s = 0 - -3. Suppose -b + 49 = 5*h, 2*h - s*h - b = -13. Calculate the remainder when (-1)/(-3) - (-105)/h is divided by 7.
5
Let u(p) = p + 3. Let b be u(-3). Suppose 3*w + 2*w - 40 = b. Suppose -5*k + 33 = -42. Calculate the remainder when k is divided by w.
7
What is the remainder when (-18 + 19)/(1/11) is divided by 6?
5
Let a(z) = 0*z**2 - 26*z**3 + 25*z**3 + 4*z + 8 - 7*z**2. Suppose -29 = 3*o - 5*i, -2*o = 4*i + 7 + 5. What is the remainder when a(o) is divided by 21?
19
Let d(j) = j**3 - j**2 + j + 11. Let b be d(0). Let v = b - -2. Calculate the remainder when v is divided by 4.
1
What is the remainder when ((-222)/3)/(-3 + -1 + 2) is divided by 19?
18
Suppose -2*t + 43 = u, -2*t + t - 5*u + 35 = 0. Let k(z) = -4*z + 10. Let o be k(7). Let n = -7 - o. What is the remainder when t is divided by n?
9
Suppose -5*h = 4*v - 27 - 12, -5*h + v = -59. Calculate the remainder when 65 is divided by h.
10
Let y(o) = -o**3 - o**2 + o - 2. Let q be y(0). Calculate the remainder when (q/3)/((-18)/621) is divided by 8.
7
Let n = -2 - -4. Let t = 11 - 6. Suppose n*z = t*z - 21. Calculate the remainder when 12 is divided by z.
5
Suppose 119*m - 121*m + 24 = 0. Calculate the remainder when 45 is divided by m.
9
What is the remainder when 7/(14/54)*1 is divided by 5?
2
Let h = 6 + -4. Suppose -7 + 25 = h*s. Let r(b) = 31*b + 2. Calculate the remainder when r(1) is divided by s.
6
Suppose x = 3, 3*h - 16 = x + 5. Calculate the remainder when h is divided by (-48)/(-20) - (-2)/(-5).
0
Suppose 4*m = 2*o + 2 - 0, -16 = 4*o - 5*m. Let l be 40/18 + 2/o. What is the remainder when 2 + 3 - l/2 is divided by 3?
1
Let c(a) = 0*a + 4 - 1 - a + 0. Let n(y) = 3*y - 13. Let q(o) = -9*c(o) - 2*n(o). Calculate the remainder when 42 is divided by q(4).
9
Suppose 5*m = 5*a - 35, 0 = -m - 1 - 2. Suppose 2*g - 18 = -3*v, 0*v = -2*v + 2*g + 22. Calculate the remainder when v is divided by a.
0
Let l = 8 - 12. Let k = -4 - l. Suppose 21 = 3*h + 3*b, k = -4*h + 2*b + 43 + 3. What is the remainder when 29 is divided by h?
9
Let i be (-1)/((-1)/(-153)*3). What is the remainder when 15 is divided by 1/2 + i/(-6)?
6
Suppose -5*s + 3 = -3*j, 3*s + 1 + 1 = -2*j. Suppose -4*h + u - 3*u + 130 = 0, s = 3*h + 4*u - 90. What is the remainder when h is divided by 18?
16
Suppose -2*x = -7*x + 20. Suppose -63 = -x*d - 2*n - n, -3*n = -d - 3. Suppose 81 + 107 = 4*m. Calculate the remainder when m is divided by d.
11
Let n(t) = -3 - 4*t + 2 + 7 - 1. Let h(b) = -b**3 - 8*b**2 - 8*b - 1. Calculate the remainder when n(-4) is divided by h(-7).
3
Let d be (-27)/6*-2*1. Suppose d*p - 16 = 5*p. Suppose -3*j - s = -35, -9 = -j - s + p. What is the remainder when 31 is divided by j?
9
What is the remainder when (-184)/(-10)*(-15)/(-6) is divided by 12?
10
Let g = -385 + 591. Let y be 0/(-2) - (g + 2). What is the remainder when y/(-12)*(-3)/(-2) is divided by 9?
8
Suppose -4*h + h + 2*q = -129, -4*h + 179 = -5*q. Calculate the remainder when h is divided by 13.
2
Calculate the remainder when 9 is divided by 3/((-36)/(-68